e value of 4 + (-9 - -4) + -4?
-5
Calculate -10 + (3 - (-3 + 1)).
-5
Calculate -23 + 6 - (5 + -13).
-9
Evaluate -3 + 7 + (-4 - -3) + 7.
10
Calculate 0 + -3 - (4 - 2 - 10).
5
What is the value of -3 + 6 + 2 + -3 + 1?
3
(1 + -1 - -1) + 16 + -20
-3
Evaluate 3 - ((-1 - 1) + 4).
1
What is the value of -1 + 0 + 7 + -2?
4
(1 + -3 - -1) + 4
3
Calculate -9 - (10 + -14 + (1 - 1)).
-5
5 - 2 - (2 + 2)
-1
Evaluate 2 + (-3 - -4) + 1 + -9.
-5
What is 8 - (-1 + 11 + -56 + 61)?
-7
What is 0 - ((1 - -5) + -3)?
-3
Calculate (-10 - -2) + 0 + 10.
2
What is the value of -9 + 0 + 2 - (0 + -6)?
-1
Calculate (6 - -1) + (-9 - 3) + 12.
7
Evaluate 3 + (5 - 8) + -1.
-1
What is the value of -5 - (5 - (8 - -3) - -5)?
-4
What is the value of -17 + 13 + (-3 - -2) + -1?
-6
What is the value of 1 + 0 + 6 + (-5 - 5)?
-3
What is the value of 2 + (-4 - -2) + 3 - 7?
-4
-1 + (2 - 2) - (2 + -3)
0
Calculate 5 + -1 - (2 + -1).
3
Calculate 8 + -7 + 14 + -11.
4
Calculate 1 - (1 - (3 + -3 + -1)).
-1
(-1 - (-3 - 1)) + (-37 - -36)
2
What is 2 - -3 - (-17 - -11) - 4?
7
(-8 + 5 - -3) + 6 + 1
7
Calculate (6 + -18 + 5 - -8) + -2.
-1
3 + -6 + 3 + 4 + 1
5
Calculate -4 + (-1 - -3 - -3).
1
9 + -8 - (2 + -5 + 1)
3
4 - ((-4 - (-11 - -2)) + 1)
-2
What is 8 + 5 + 0 + -8?
5
Evaluate -133 + 120 + 0 + 15.
2
Calculate 18 + -26 - (1 + -5) - -1.
-3
What is 16 - ((-7 + -2 - -4) + 12)?
9
Evaluate 6 - (4 - (1 - 8)).
-5
(-1 - -2) + 0 + 53 + -60
-6
What is the value of 0 + 9 + -9 + 0 + -3?
-3
What is the value of 2 - ((9 - 5) + -2 + 2)?
-2
-12 - -15 - (4 + 1)
-2
What is the value of 2 - (-8 + 5) - -2?
7
What is -1 - (3 - (-1 - (-1 + 2)))?
-6
What is (-1 - 3) + 3 - -7?
6
Calculate -3 - (-4 - (-5 + 6)).
2
Calculate -12 - (-1 + -8 + (-15 - -19)).
-7
What is -8 + 25 + -12 + -12?
-7
Evaluate 1 + 0 + 8 + -9 + 2.
2
-4 + -2 + (3 - 1)
-4
Evaluate -2 - (3 - (2 + 6 + 0)).
3
What is the value of -1 + 2 + 4 + -10?
-5
7 + 1 + (11 - 13)
6
What is the value of -2 + 0 + (27 - 20)?
5
Calculate -1 + (-3 - (3 - 6)) + -2.
-3
What is (-2 - 4 - -13 - -3) + -7?
3
(-3 - 16 - (18 + -21)) + 7
-9
What is the value of (-2 - 4 - 1) + 55 + -40?
8
Evaluate 4 - (6 - (7 + -1)).
4
(-3 - 1) + (13 - (2 + 4))
3
Evaluate 7 + 0 + -2 + 1 - 9.
-3
What is the value of -1 - -6 - 5 - (-6 + 3)?
3
What is -6 + -8 + -1 + 9?
-6
What is the value of (13 - 7) + -3 + -1 - -5?
7
What is 0 - (2 + -2) - (-18 + 18)?
0
0 - (-5 + 3 + -2 + 3)
1
Calculate 1 + 2 + (0 - (0 + 6)).
-3
Evaluate (10 + -11 - 0) + -4 + 0.
-5
Calculate -1 - -3 - (9 + (-5 - -1)).
-3
Calculate 5 + (-5 - -3 - 3).
0
Evaluate 32 - 23 - (1 + 0 - -3).
5
Evaluate 0 - -8 - (5 - (2 - 1)).
4
Evaluate (4 - (-12 + -2)) + -11.
7
Calculate (1 + -6 - -7) + (3 - 4).
1
What is the value of -5 - (-5 - (-5 + -3 + 5))?
-3
(-4 - -5) + 4 + 0
5
What is the value of 1 + -3 + 6 + 1?
5
Evaluate -15 + 14 - (3 - 2).
-2
Evaluate -7 - (-10 + 13 - 3).
-7
What is the value of 3 - 5 - (-10 - -8)?
0
What is -4 + 0 + (-18 - -12)?
-10
-13 - -12 - (-5 - 1)
5
Calculate (3 - (5 + (4 - 8))) + -3.
-1
Calculate 4 + (-5 - (1 + 2 + 3)).
-7
3 + -5 - (3 + -4 - 4)
3
2 + -6 + (1 - -5) - 7
-5
Calculate 4 + (6 + -3 - 6).
1
Evaluate 24 + -24 + 0 + -2.
-2
What is the value of 3 - (-4 - (-9 + -1))?
-3
Calculate -6 + -15 + 7 + 6 + 1.
-7
Calculate -2 + 4 + 0 - 2.
0
Calculate 9 - 5 - (-2 + 8).
-2
What is the value of -6 + (-4 - -9 - 2)?
-3
Calculate 1 + 0 + 200 + -212.
-11
What is the value of -13 + (12 + -22 - -20)?
-3
1 + -3 + 7 + -10
-5
Calculate -5 + -8 + 11 - -2.
0
What is -7 + 10 - (-3 + 8)?
-2
What is the value of -3 + 2 + (-2 + -2 - -7)?
2
-2 + 5 + 2 - (3 - 7)
9
Evaluate 1 - (0 + 0 + 0 + 3).
-2
What is the value of 4 + 0 + 3 + -5?
2
What is -3 - 2 - (-25 + 15)?
5
4 - -5 - 12 - -4
1
-3 - (-2 - 3) - -3
5
-2 + 2 + -10 + 6 + -1
-5
What is the value of -3 - (5 - 2) - -8?
2
What is the value of 1 + 1 + (-3 - (-4 - -2))?
1
13 - (2 + (5 - (4 - -1)))
11
What is the value of -2 + (2 - 2) + (-10 - -17)?
5
Calculate 3 + -3 - 5 - (-8 - -3).
0
Calculate 3 - (3 - (-2 + 3)) - 0.
1
-2 + -2 + (-5 - -4)
-5
Calculate 5 - ((7 - 13) + 15) - -3.
-1
What is 2 - -1 - (9 + 6 + -11)?
-1
Calculate 4 - (0 - -2 - 0).
2
What is the value of (-2 - (-3 + 1)) + 5?
5
Evaluate -168 - -169 - ((0 - 6) + 0).
7
-5 + 0 + -4 + 5
-4
Evaluate -1 - (0 + 3) - (-20 + 8).
8
Calculate -8 + 3 + 4 - (1 + -1).
-1
Calculate 4 - (1 - 2 - (-9 + 5)).
1
Calculate (13 - (-4 + 6 - -4)) + -4.
3
Evaluate 6 + -2 - (0 - (0 - 3)).
1
What is the value of 3 - 1 - (11 - 13)?
4
Calculate -4 + (-2 + 6 + -1 - -1).
0
Calculate (-9 - -2) + (0 - 7) + 7.
-7
Calculate -9 + 12 + 3 - 6.
0
Calculate 75 + -69 + -1 + -6.
-1
What is (5 - -4) + (5 - 8)?
6
Evaluate (-5 - (10 + -5 - 1)) + 0.
-9
Evaluate -7 + 16 + 1 + -5 - 3.
2
-3 + 1 + 3 - 10
-9
What is the value of 0 + 2 + 0 + (-11 - -5)?
-4
What is the value of -38 + 31 + 14 + 4 + -1?
10
Calculate -1 + 4 + (1 - 0).
4
(-3 - -10) + -3 - (-3 - -1)
6
Evaluate -6 - (1 + -8 + (-3 - 2)).
6
Calculate -6 - -17 - 10 - (1 - 5).
5
What is the value of -4 - (1 - (-3 + 4))?
-4
-11 + 5 + (0 - -12) + 0
6
What is (-7 - -4 - (-3 - -1)) + -1?
-2
Calculate 7 + -7 + -8 - -5.
-3
Calculate -10 + 0 + -7 + 18 + -7.
-6
What is the value of -12 + 9 + 0 + 2 + 5?
4
Calculate -61 - -54 - (-11 + 1).
3
What is 255 + -262 - (2 + 0)?
-9
What is the value of -118 + 115 - (0 - (-2 - -1))?
-4
What is 11 + (-2 - (-11 + 13))?
7
-25 - -31 - (3 - 2)
5
Calculate 1 - (7 + -3 + -4 + 3).
-2
Evaluate 1 - (-3 + -5 + 4).
5
(1 + 5 - -2) + -4
4
What is 8 + (-1 - 5) + 3?
5
What is the value of -65 + 64 - (0 - 7)?
6
Calculate 9 - (13 - (-7 - -7)).
-4
13 - 13 - -7 - 18
-11
(-2 - 1) + (3 - -2) + -1
1
5 - (-4 - (-2 + 2) - -12)
-3
What is the value of -1 - (-1 + (-1 - -4) + 1)?
-4
3 - (4 - -3 - -1)
-5
6 + -6 - (0 + 0 - 1)
1
(14 - (6 + -4 - -4)) + -4
4
8 + 0 + (6 - 3 - 7)
4
What is -4 + -1 + 0 + -3 + 9?
1
Evaluate 26 - 18 - (4 - 0).
4
Calculate (-6 + 12 - 9) + (0 - -1).
-2
Calculate 6 - (1 + (3 - -7)).
-5
Evaluate 5 + -2 + -2 + 2 + 1.
4
What is (6 - (7 + -2)) + -5?
-4
What is the value of (2 + 4 - 3) + -5?
-2
What is the value of -3 + 3 + 3 + -2 - 4?
-3
Evaluate (-6 + 5 - (4 - 4)) + 4.
3
Evaluate -8 + 10 + 9 - 10.
1
Evaluate -4 + (0 - 3) + (5 - -1).
-1
What is (5 - (-4 + 6 + 1)) + -3?
-1
What is -3 + (-4 - -9 - 6)?
-4
Evaluate 5 - (5 - 1) - (3 - 2).
0
Evaluate (6 - 5) + -4 + (4 - 1).
0
What is the value of -9 - (-5 - -8) - (-7 - -2)?
-7
What is -6 + (-9 - (5 - 26))?
6
What is (-5 + 5 + -2 - -5) + -5?
-2
Calculate 2 - -1 - (-4 - -5).
2
Evaluate -12 + 15 + 0 + -7.
-4
(-10 + 15 - (-2 - -4)) + 2
5
What is -2 + 1 - (4 - (4 + 3))?
2
What is the value of -4 + -4 + 9 + 1?
2
What is the value of -5 + (-2 - -2) - -1 - 1?
-5
Calculate -1 - (2 + -4 + (-3 - -4)).
0
Calculate -5 + -6 + 7 - -12.
8
Evaluate -2 - (-25 + 10) - 6.
7
0 + 6 + 8 + -11
3
Calculate -17 + 18 + (-6 - -3).
-2
Evaluate 2 + -2 - (18 - 13) - -1.
-4
(32 - 24) + 3 + -2
9
What is -1 + -6 + (-28 - -32)?
-3
Evaluate -3 - (-8 - -4 - (0 - 0)).
1
Evaluate 1 + -2 + -1 + 1.
-1
What is 4 - ((6 - (0 - -4)) + 1)?
1
What is the value of (0 - 1) + -2 + 43 + -45?
-5
What is 1 - ((0 - 1 - -2) + 3)?
-3
What is the value of -7 + 4 - ((1 - 5) + 0)?
1
What is the value of (-4 + 5 - (1 + -1)) + -1?
0
What is the value of (-13 - -12) + 0 + -7?
-8
Evaluate -2 - (0 - (6 - 9)) - 3.
-8
What is the value of 2 + -3 + -2 + -1?
-4
(-7 - -6) + (3 - 1)
1
1 - (-16 + 13) - (-5 - 1)
10
What is -8 + 8 + (-5 - -3)?
-2
-5 + -4 + 3 + 2 + 3
-1
What is the value of -19 + 11 + 10 - -5?
7
What is (-3 - -1) + 2 - 2?
-2
Calculate -1 + 3 + 1 + -1 + -2.
0
Calculate (-8 - -11) + -5 + -2 + 4.
0
(4 - 7 - -3) + -1
-1
2 + (10 - 8) - (0 + 8)
-4
What is (-9 - (9 + -15)) + -2?
-5
What is the value of -7 + -6 + 8 - (-1 + 1)?
-5
Calculate -2 - (-23 + 25 + -2 + 0).
-2
Evaluate (5 - 5) + -5 + -1.
-6
-1 + -3 + (-3 - -6) + 3
2
13 - (9 - (6 + -9 + 6))
7
Evaluate (1 - 5) + (4 - 1).
-1
Calculate (-5 + 8 - (-9 + 11)) + 6.
7
What is (1 - (5 - (-4 + 5))) + -2?
-5
What is -3 + -2 + 2 + 8 + -12?
-7
What is the value of 4 + -1 - (0 - 2 - -10)?
-5
What is the value of 5 + -8 - 1 - (-5 + 1)?
0
Evaluate (0 - 1) + 5 - (7 - -1).
-4
What is the value of -5 + (1 - 1) - -1?
-4
What is 7 + (8 - -7) + -22?
0
5 + -8 + 1 + 2
0
(-4 - -3) + (1 + 6 - -4)
10
Evaluate 9 - (-5 - (-6 - 5)).
3
What is -3 - (-14 + 10 - (2 - -1))?
4
Evaluate 6 - 1 - (-22 + 24).
3
